e 11, what is 175a7 + 6965?
23461
In base 6, what is 333 - 440201?
-435424
In base 8, what is -3417237 + 165?
-3417052
In base 13, what is c700c3 - 1?
c700c2
In base 15, what is -7744 + 291?
-74a3
In base 10, what is 5 + 14339923?
14339928
In base 2, what is -1111101001101011011 + -1110001?
-1111101001111001100
In base 6, what is 124503 - -1124?
130031
In base 8, what is 62305466 + -12?
62305454
In base 14, what is -6c + -c8c6?
-c954
In base 11, what is 4 - 8545629?
-8545625
In base 10, what is 14911 + -132?
14779
In base 15, what is -747 - ec66?
-104ad
In base 12, what is -39 - 212189?
-212206
In base 16, what is 7 + -27d3b6?
-27d3af
In base 11, what is 2896464 - 0?
2896464
In base 16, what is -8bb4 - -1a1a?
-719a
In base 5, what is 422423 + -10324?
412044
In base 8, what is -14524376 + 6?
-14524370
In base 8, what is 1 + -4560242?
-4560241
In base 15, what is 1 - 11d024?
-11d023
In base 5, what is 430244143 - 100?
430244043
In base 9, what is -281 - 1158717?
-1160108
In base 3, what is 1 + 221121120010102?
221121120010110
In base 13, what is -24b31853 + 8?
-24b31848
In base 12, what is -6a1a920 - -3?
-6a1a919
In base 2, what is -10001 - 10101000100111001110000?
-10101000100111010000001
In base 13, what is 3bc + 29435?
29824
In base 8, what is 5 + -707767?
-707762
In base 6, what is -40551135 - 31?
-40551210
In base 8, what is 224 - 4706?
-4462
In base 6, what is -1355 - -533301?
531502
In base 3, what is 20012001102222211 + -11?
20012001102222200
In base 7, what is 160404641 - 5?
160404633
In base 16, what is -c + -925d553?
-925d55f
In base 5, what is -333013114 - 0?
-333013114
In base 7, what is 262156505 + 2?
262156510
In base 14, what is -7 + -8389ab?
-8389b4
In base 5, what is 1104443443 - -203?
1104444201
In base 9, what is -36876 - 8350?
-46336
In base 11, what is 1225 + -87a9a?
-86875
In base 2, what is 11001010010 + 1000011001001?
1011100011011
In base 15, what is -128006 - 5?
-12800b
In base 8, what is 1 + -5353554?
-5353553
In base 2, what is -1110010010100111111010001 + -101?
-1110010010100111111010110
In base 11, what is 5 - 54419?
-54414
In base 14, what is 3504d + -341?
34b0c
In base 5, what is -24441 - 42044?
-122040
In base 12, what is 2a45 - a1a2?
-7359
In base 3, what is 1010 + -20210112?
-20202102
In base 11, what is -6833a1 - 18?
-683409
In base 7, what is 132 + -1244416?
-1244254
In base 15, what is -8cc - -2a21?
2144
In base 13, what is 1 + 672886?
672887
In base 13, what is -3013259 + -2?
-301325b
In base 13, what is 328ba - -50c?
330c9
In base 3, what is -1110002 - -110222?
-222010
In base 5, what is -1 + -20144412321?
-20144412322
In base 7, what is -1306 + -4041?
-5350
In base 5, what is 13141310341 - 3?
13141310333
In base 14, what is -5 - b25025?
-b2502a
In base 9, what is 766 - -11753?
12630
In base 3, what is -12200 - 2011002?
-2100202
In base 3, what is 1212111010110 - -1202?
1212111012012
In base 5, what is 134 + -443410134?
-443410000
In base 6, what is -11422 - -10355?
-1023
In base 16, what is -1 - 1f0b646?
-1f0b647
In base 6, what is 4 + 21051142502?
21051142510
In base 5, what is 11141033 - -20?
11141103
In base 7, what is 65 - -425565?
425663
In base 4, what is -2 + -1333203033?
-1333203101
In base 9, what is 635 + -13236?
-12501
In base 5, what is -40 - -134424432?
134424342
In base 8, what is -1 - 107702672?
-107702673
In base 2, what is -100111100 - 110011101000110111?
-110011101101110011
In base 4, what is -222111122 + 322?
-222110200
In base 2, what is -10010101100110100101110 - -1?
-10010101100110100101101
In base 14, what is 3 - -347d1574?
347d1577
In base 9, what is 6304648 - 117?
6304531
In base 8, what is -2052 - -456766?
454714
In base 16, what is 1415f719 - 0?
1415f719
In base 3, what is -1121 - 20110200010?
-20110201201
In base 2, what is -100 - -100011110000000100?
100011110000000000
In base 5, what is 2202433 + -12221?
2140212
In base 6, what is 10334210 + -50?
10334120
In base 14, what is c2563 + -97?
c24aa
In base 10, what is 63 + -6617732?
-6617669
In base 6, what is 1512010204 - -223?
1512010431
In base 8, what is 624307 + -6?
624301
In base 16, what is c1 + d1eb?
d2ac
In base 8, what is 64415070 + -15?
64415053
In base 15, what is -26 - 21cb3c4?
-21cb3ea
In base 15, what is -2d - 1d00b0?
-1d00dd
In base 11, what is -1 + 2646a85?
2646a84
In base 16, what is -fb5a9 + -5?
-fb5ae
In base 5, what is -103 + 100231201?
100231043
In base 4, what is 131 - -132022021?
132022212
In base 12, what is -3272a + 214?
-32516
In base 14, what is 3 - 5dca2a?
-5dca27
In base 15, what is -a3a9 + 1?
-a3a8
In base 14, what is aa5 + 6912?
75b7
In base 15, what is -123b + 1080d?
e5c2
In base 10, what is -2 + -78438928?
-78438930
In base 5, what is 20000421 - 2303?
14443113
In base 2, what is -1110100110010 + 110?
-1110100101100
In base 12, what is 8483309 + -5?
8483304
In base 6, what is 2153 - 113524?
-111331
In base 4, what is 110233 - 110333?
-100
In base 10, what is 19539 - -1157?
20696
In base 10, what is -532 + 284939?
284407
In base 14, what is -14 + 12c5d5?
12c5c1
In base 16, what is -27b38985 + 1?
-27b38984
In base 9, what is -21203706 + -14?
-21203721
In base 10, what is 249 + 334732?
334981
In base 10, what is 76 + 146703?
146779
In base 2, what is -1001101011011110 + -1000011?
-1001101100100001
In base 9, what is -4 - -7312616?
7312612
In base 14, what is -65d + 361?
-2dc
In base 5, what is 11 - 300130044?
-300130033
In base 14, what is -1 + 8b322b?
8b322a
In base 3, what is -1010 + 2120120122?
2120112112
In base 7, what is 1 + 446240154?
446240155
In base 11, what is 3a7 + 1aa44?
20340
In base 5, what is -4 - 1342111214?
-1342111223
In base 9, what is -44 - -48228?
48174
In base 10, what is 3509030 - -5?
3509035
In base 15, what is -c9 + 748c5?
747eb
In base 11, what is -37 + -899800?
-899837
In base 15, what is -1 - -6e046?
6e045
In base 4, what is -1002313212 - -33?
-1002313113
In base 7, what is 104 - 32011563?
-32011456
In base 2, what is 11011100010001100011110 + 100?
11011100010001100100010
In base 10, what is -5779412 + 221?
-5779191
In base 2, what is -1000 - 1011111000010100001110111110?
-1011111000010100001111000110
In base 11, what is 3 + 9956482?
9956485
In base 3, what is 122111 - -10002021201?
10002221012
In base 16, what is -f32831 - -5?
-f3282c
In base 8, what is -56 - -1313077?
1313021
In base 9, what is 1673 - -1805?
3578
In base 13, what is a5c0 - -120c7?
1c6b7
In base 4, what is 213201002 - -1012?
213202020
In base 13, what is 12 - -77c3a16?
77c3a28
In base 9, what is -1325 - -667235?
665810
In base 14, what is -346 - a4853?
-a4b99
In base 9, what is 111 + 1672514?
1672625
In base 3, what is -201021212 - 12020122222?
-12221221211
In base 10, what is 42 - 14098865?
-14098823
In base 16, what is -1 - 26048?
-26049
In base 2, what is -1111101000000010 + 1101000001?
-1111011011000001
In base 10, what is -5164272 + 1?
-5164271
In base 13, what is -4 + c55359a?
c553596
In base 10, what is 2829 - -4391?
7220
In base 13, what is -9296 - -31?
-9265
In base 16, what is -6 + -284e54e?
-284e554
In base 10, what is 19 + 2014080?
2014099
In base 13, what is -b016c - 16a?
-b0309
In base 13, what is 4364 + 1b911?
22c75
In base 15, what is -3 + 2c5cd9?
2c5cd6
In base 15, what is -ac2 - -11da3a?
11ce68
In base 14, what is -19d44 + 201?
-19b43
In base 16, what is -1ca4 + a7?
-1bfd
In base 10, what is -76531 - 63?
-76594
In base 14, what is b53a + 54?
b590
In base 7, what is 6 + -404412035?
-404412026
In base 10, what is 808 + -129936?
-129128
In base 12, what is -2190 + -34394?
-36564
In base 16, what is 69c - -c34?
12d0
In base 13, what is -52 + -13986?
-13a08
In base 14, what is -4ddd0 + 4a6?
-4d928
In base 14, what is -75 - -48a38?
489a3
In base 4, what is 1213 + -301213231?
-301212012
In base 16, what is -6592 + 199c?
-4bf6
In base 8, what is 16 - 55243554?
-55243536
In base 3, what is 2111001122 + -11112?
2110220010
In base 5, what is 3141443 + 141?
3142134
In base 12, what is -10401 + -8?
-10409
In base 12, what is 4a59 - 5062?
-205
In base 5, what is 30044310 + -130?
30044130
In base 8, what is -75462140 + 1?
-75462137
In base 15, what is -1 - 367b6c?
-367b6d
In base 8, what is -624117 - -24?
-624073
In base 7, what is -11652 - 15442?
-30424
In base 14, what is 5 + 16532c?
165333
In 